((-16)/24)*259/3?
8
What is the hundreds digit of (1 + (-238)/(-42))*6291/6?
9
Suppose 32*i = 31*i + 2. Let q = 9 + -54. What is the tens digit of (3 + (-135)/25)*q/i?
5
Suppose -3*f = -4*s + 6*s - 23, -2*f + 18 = 2*s. Suppose 0*x - s*x + 16 = 0. Suppose -x*t + 226 = 2*k - 52, -4*k - 2*t = -532. What is the tens digit of k?
3
Suppose -25*a - 5*a = -51*a + 326655. What is the units digit of a?
5
Let o be ((-10)/4)/(45/(-90)). Suppose o*s - 7487 = -1167. What is the hundreds digit of s?
2
Suppose 0 = 7*a - 124100 - 7763 + 21739. What is the tens digit of a?
3
Let r = 42 - 39. Suppose 3*k = 5*o - 96, 4*o - 68 = -r*k + k. Suppose -4*w + o = 5*n, -2*n = w - 7 - 2. What is the units digit of n?
6
Let t be (-8)/(-20)*(7 - 17) - -5. What is the hundreds digit of 610 + t - (5 - 0 - 7)?
6
Let d(t) = -t**3 - 22*t**2 + 17*t + 22. Let l be d(-22). Let z = l + 1871. What is the units digit of z?
9
Let s = -319 - -324. Suppose -o + 9 = 4. Suppose -s*b = o*b - 950. What is the tens digit of b?
9
Let i = 45062 - 26319. What is the ten thousands digit of i?
1
Let y(l) be the first derivative of 3*l**2 - 41*l - 47. Let t be y(13). Suppose -t*x - 574 = -39*x. What is the tens digit of x?
8
What is the tens digit of 4471659/72 + 8/((-576)/27)?
0
What is the hundreds digit of (-3 - (-8 + 24/8))*895?
7
Let t(o) = 4*o**2 - 11*o + 1. Let b be t(4). Let s = b - -46. Suppose -s = -4*p + 141. What is the units digit of p?
2
Suppose w + 99867 = 7*j - 2*j, -3*j + 59917 = -w. What is the hundreds digit of j?
9
Suppose -2*p + 2*a = 4, -3*a + 2*a + 5 = 0. Let f(y) = -19*y**2 - p*y - 9 - 7*y**2 + y**3 + 28*y**2. What is the tens digit of f(5)?
5
Let c(h) = 2*h**2 + 160*h + 2301. What is the tens digit of c(-14)?
5
Let n = -1 - 1. Suppose f - 389 = -3*q + q, 3*q - 2*f = 587. What is the units digit of 1/(5/q) + n?
7
Let o(j) be the third derivative of j**5/60 + 13*j**4/24 + 45*j**3/2 - 2*j**2 - 99*j. What is the hundreds digit of o(27)?
2
Let i be 1 - 10 - (1 + 0)/1. What is the tens digit of (-56)/(-5) + (4 - (-32)/i)?
1
What is the tens digit of ((-5)/3)/(250/(-1329000))?
6
Let w(a) = a**3 - 27*a**2 - 97*a - 90. What is the ten thousands digit of w(37)?
1
Let i(o) = 7915*o - 534. What is the hundreds digit of i(3)?
2
Let g(l) = -l**2 + 17*l + 41. Let j be g(19). Let x(u) = 8*u**2 + 5*u - 18*u**j - 3 - 11*u**2 + 7*u**2 + 4. What is the hundreds digit of x(-2)?
1
What is the thousands digit of 3336 - (4 + -8 + 2 - -1)?
3
Let p = -270 - -261. Suppose -96 = -2*g - 2*g. What is the units digit of (g/16)/(p/(-876))?
6
Let l be (28/(-49)*15)/((-2)/84). Suppose 3*q = -l + 1221. What is the hundreds digit of q?
2
Let g(a) = 7*a**2 + 31*a + 22. Let t(u) = -u**3 - 39*u**2 - 75*u - 50. Let j be t(-37). What is the tens digit of g(j)?
0
Suppose -2*x - r + 8 = -x, -5*x = 3*r - 38. Suppose -1543 = -x*p + 3308. What is the tens digit of p?
9
Let z(l) = l**3 - 7*l**2 + 10*l + 5. Let w be z(5). Suppose -w*j - 3 = -18. What is the units digit of j?
3
Suppose 0 = 47*s - 130391 - 164769. What is the thousands digit of s?
6
Let y be 12/9*69/(-2). Let v(k) = 2*k**3 + 3*k**2 - k + 3. Let c be v(-3). Let j = c - y. What is the units digit of j?
5
Let s = 2 + 13. Suppose 20*x - 25 = s*x. Suppose -x*p + 100 = -4*p. What is the hundreds digit of p?
1
Let d(a) = a**2 + 12*a + 20. Let i be d(-14). Suppose 3*c - i = -5*t, -t - 2*t + 24 = -3*c. What is the tens digit of ((-3)/t + -3)*-3?
1
Let z = 84390 + -38688. What is the units digit of z?
2
Let o(m) = 16*m**3 - 7*m**2 + 2*m + 8. Suppose 230 = 5*u + 41*u. What is the units digit of o(u)?
3
Suppose -45*x + 473775 = -1259175. What is the tens digit of x?
1
Suppose -28 + 164 = 17*g. Suppose 0 = -g*x - 1269 + 4221. What is the tens digit of x?
6
What is the units digit of (-5908)/(-8)*(-1128)/(-329)?
2
Let z(o) = -o**2 - 7*o + 4. Let d be z(-5). Let a(b) = -b**2 + 4*b + 20 + 4*b + 0*b**2 + 9*b. What is the tens digit of a(d)?
6
Suppose 2*l + 2*i - 22 = -2*i, -4*l + 19 = 3*i. Suppose 0 = -3*h - 2*f + l, -2*f = 5*h - 3*f + 20. What is the tens digit of (h - (-149 + 4))/2?
7
Suppose 0 = -4*h + z + 4*z + 72, -2*z + 5 = h. Let p = 16 - h. Suppose p = -d + 77. What is the units digit of d?
4
Let g(x) = -68*x + 2355. What is the hundreds digit of g(-51)?
8
Suppose -5*s + 3 = 3*d, s + 3*d - d = 2. Suppose s = 8*c - 2 - 14. What is the tens digit of ((-628)/(-9))/1 + c/9?
7
Suppose 307 = 4*q + 5*l, 3*l = 4*q - 235 - 80. Suppose 85*u - q*u = -945. What is the tens digit of (-25272)/u - (-1)/(-5)?
8
Suppose -4 + 8 = -a, 3*c - 5*a = 101471. What is the hundreds digit of c?
8
Let k be 50589/42 - (2 - 6/4). Suppose 8*u - 291 = -j + 5*u, k = 4*j + 4*u. What is the hundreds digit of j?
3
Let q be (34/(-68))/(2/84). Let u(k) = -k**2 - k + 167. Let t be u(0). Let m = q + t. What is the tens digit of m?
4
Let j(g) = 2*g**2 + 36*g + 93. Let y(u) = 8*u - 98. Let c be y(9). What is the hundreds digit of j(c)?
5
Let o be (-12)/42 + 148/28. Suppose 194 = o*i + 9. Suppose -102 + i = -5*v. What is the tens digit of v?
1
Let o(h) = 267*h**3 + 5*h**2 - 37*h + 13. What is the hundreds digit of o(7)?
5
Let n(g) = -14*g**3 - 9*g**2 - 40*g + 36. What is the ten thousands digit of n(-12)?
2
Suppose -11*g = -787 - 1787. What is the hundreds digit of (g/(-10))/((-87)/2320)?
6
Let a = 7092 + -2516. What is the units digit of a?
6
Let l(y) = 15*y**2 + 12*y - 6. Let w be l(2). What is the hundreds digit of 25545/w - (-6)/(-4)?
3
Let p(c) = 9*c**3 - 16*c**2 - 31*c + 1. Let v(k) = -8*k**3 + 14*k**2 + 31*k - 2. Let m(i) = -5*p(i) - 6*v(i). What is the tens digit of m(7)?
2
Let i = -111 + 115. Suppose 75 = i*o + o. Suppose 17*y - 412 = o*y. What is the hundreds digit of y?
2
Let x = 241 + 492. What is the tens digit of x?
3
What is the tens digit of ((-3179)/(-68) + -46)/(1/45616)?
1
Let j = 5 - 13. Let c = 1249 + -1250. What is the tens digit of ((-60)/j)/(c/(-6)) - 0?
4
Suppose -27 = -a - 22. Suppose -4*h + 4*b = 28, -b - 4*b + a = 0. What is the tens digit of (h + 4)*(-3)/12*26?
1
Let o = 26941 + -17713. What is the tens digit of o?
2
Let n(t) = 817*t - 1834. What is the thousands digit of n(24)?
7
Let r(b) be the third derivative of -149*b**6/120 + b**5/15 - b**4/24 - b**3/3 - 141*b**2. What is the thousands digit of r(-2)?
1
Let l(c) = 7*c + 80. Let v(f) = 3*f + 38. Let a be v(-10). What is the tens digit of l(a)?
3
Let s(k) = -k**3 - 14*k**2 - 39*k + 7. Let z be s(-4). Suppose 38 = 2*w - 3*d, -z*w + 4*d + 39 + 18 = 0. What is the tens digit of w?
1
Let l(p) = 13*p**2 + 1. Let a be l(1). Suppose -3084 = -20*z + a*z. What is the hundreds digit of z?
5
Let r be (-1286)/(-3)*21/(-42)*-3. Suppose 18*i - 17*i = 4*l - r, -5*l = -i - 803. What is the units digit of l?
0
Suppose 0 = -4*j + 2*y + 23038, 41*j - 36*j + 4*y - 28830 = 0. What is the hundreds digit of j?
7
Let h be (2/4)/((-2)/4). Let q(n) = -412*n + 13. What is the tens digit of q(h)?
2
Let n(a) = 684*a**2 - 186*a - 27. What is the thousands digit of n(-5)?
8
Let r be (136/6)/((-14)/1239). Let q = r - -3004. What is the tens digit of q?
9
Suppose 13*n = -728 - 195. Let x = -43 - n. What is the tens digit of x?
2
Let d = 53 - 49. Let n be (-4 + 2 + d)/(6/(-273)). Let b = -56 - n. What is the tens digit of b?
3
Suppose -5*v - 3845 = -4*a, 2*a - 1454 - 469 = 3*v. Let h = a + -653. What is the tens digit of h?
0
Let z(m) = 20*m - 16 + 35 - 13. Suppose 4*u = -5 + 17. What is the units digit of z(u)?
6
Let h = 2374 - 1092. Suppose 2*j + j - 984 = 3*n, h = 4*j + 2*n. What is the tens digit of j?
2
Let y(x) = 5*x - 37. Let o be y(11). Suppose 0 = -15*c + o*c - 96. Suppose 2*s + c = 256. What is the units digit of s?
2
Let w(x) be the first derivative of -x**4/2 - 15*x**3 + 33*x**2/2 + 22*x - 156. What is the tens digit of w(-24)?
5
Let u(y) = -6*y + 112. Suppose 1 + 1 = -4*d + i, 6 = -4*d + 3*i. What is the tens digit of u(d)?
1
Let q = 52 - 49. Suppose q*x - 312 = -3*j, -4*j - x = -485 + 63. Suppose -3*l + 55 = -2*f - 104, -j = -2*l - f. What is the tens digit of l?
5
Let k = 37280 - 19327. What is the thousands digit of k?
7
Let z(y) = 11*y**2 - 11*y + 565. Let f(x) = 5*x**2 - 5*x + 283. Let h(v) = 13*f(v) - 6*z(v). What is the units digit of h(0)?
9
Let b = 14654 - 4013. What is the thousands digit of b?
0
Let n(l) = -l**3 + 8*l**2 - 31*l +